remainder when 590 is divided by 54.
50
Calculate the remainder when 1294 is divided by 186.
178
What is the remainder when 636 is divided by 11?
9
Calculate the remainder when 9415 is divided by 24.
7
Calculate the remainder when 45 is divided by 25.
20
Calculate the remainder when 35 is divided by 10.
5
What is the remainder when 417 is divided by 19?
18
Calculate the remainder when 1561 is divided by 27.
22
What is the remainder when 265 is divided by 4?
1
Calculate the remainder when 10096 is divided by 27.
25
What is the remainder when 263 is divided by 26?
3
What is the remainder when 1781 is divided by 297?
296
Calculate the remainder when 590 is divided by 46.
38
Calculate the remainder when 59 is divided by 33.
26
Calculate the remainder when 196 is divided by 48.
4
What is the remainder when 6067 is divided by 1210?
17
What is the remainder when 5078 is divided by 22?
18
What is the remainder when 3200 is divided by 36?
32
What is the remainder when 6630 is divided by 138?
6
Calculate the remainder when 30 is divided by 16.
14
What is the remainder when 778 is divided by 28?
22
What is the remainder when 132 is divided by 40?
12
What is the remainder when 2994 is divided by 272?
2
Calculate the remainder when 1038 is divided by 87.
81
Calculate the remainder when 530 is divided by 73.
19
Calculate the remainder when 528 is divided by 38.
34
What is the remainder when 78 is divided by 44?
34
Calculate the remainder when 8318 is divided by 41.
36
Calculate the remainder when 1369 is divided by 681.
7
Calculate the remainder when 41 is divided by 1.
0
What is the remainder when 413 is divided by 71?
58
What is the remainder when 112 is divided by 15?
7
What is the remainder when 57 is divided by 40?
17
Calculate the remainder when 676 is divided by 85.
81
Calculate the remainder when 124 is divided by 102.
22
Calculate the remainder when 582 is divided by 289.
4
Calculate the remainder when 4898 is divided by 100.
98
What is the remainder when 32 is divided by 1?
0
Calculate the remainder when 97 is divided by 53.
44
Calculate the remainder when 1784 is divided by 17.
16
Calculate the remainder when 919 is divided by 23.
22
What is the remainder when 71 is divided by 15?
11
Calculate the remainder when 251 is divided by 93.
65
Calculate the remainder when 126 is divided by 20.
6
What is the remainder when 411 is divided by 104?
99
What is the remainder when 3372 is divided by 280?
12
Calculate the remainder when 72 is divided by 53.
19
What is the remainder when 2223 is divided by 47?
14
Calculate the remainder when 20039 is divided by 9.
5
What is the remainder when 1020 is divided by 455?
110
What is the remainder when 719 is divided by 90?
89
Calculate the remainder when 448 is divided by 45.
43
What is the remainder when 57 is divided by 29?
28
Calculate the remainder when 621 is divided by 21.
12
What is the remainder when 151 is divided by 45?
16
What is the remainder when 82 is divided by 7?
5
Calculate the remainder when 75 is divided by 39.
36
Calculate the remainder when 131 is divided by 19.
17
Calculate the remainder when 593 is divided by 204.
185
What is the remainder when 1329 is divided by 319?
53
Calculate the remainder when 36 is divided by 18.
0
Calculate the remainder when 43 is divided by 9.
7
What is the remainder when 1351 is divided by 336?
7
What is the remainder when 101 is divided by 5?
1
What is the remainder when 335 is divided by 54?
11
Calculate the remainder when 543 is divided by 42.
39
What is the remainder when 1212 is divided by 133?
15
What is the remainder when 882 is divided by 33?
24
Calculate the remainder when 26 is divided by 4.
2
Calculate the remainder when 4617 is divided by 84.
81
Calculate the remainder when 58 is divided by 42.
16
What is the remainder when 122 is divided by 13?
5
Calculate the remainder when 160 is divided by 34.
24
What is the remainder when 707 is divided by 64?
3
What is the remainder when 457 is divided by 30?
7
What is the remainder when 489 is divided by 173?
143
Calculate the remainder when 577 is divided by 58.
55
Calculate the remainder when 3387 is divided by 53.
48
Calculate the remainder when 163 is divided by 44.
31
What is the remainder when 401 is divided by 45?
41
What is the remainder when 261 is divided by 214?
47
What is the remainder when 2877 is divided by 30?
27
Calculate the remainder when 81 is divided by 72.
9
Calculate the remainder when 373 is divided by 88.
21
Calculate the remainder when 854 is divided by 45.
44
What is the remainder when 191 is divided by 52?
35
What is the remainder when 428 is divided by 16?
12
Calculate the remainder when 1075 is divided by 12.
7
Calculate the remainder when 624 is divided by 621.
3
What is the remainder when 429 is divided by 24?
21
What is the remainder when 39 is divided by 14?
11
Calculate the remainder when 314 is divided by 97.
23
Calculate the remainder when 426 is divided by 59.
13
Calculate the remainder when 1680 is divided by 51.
48
Calculate the remainder when 238 is divided by 32.
14
Calculate the remainder when 28 is divided by 26.
2
What is the remainder when 164 is divided by 12?
8
What is the remainder when 5127 is divided by 18?
15
What is the remainder when 220 is divided by 59?
43
What is the remainder when 612 is divided by 188?
48
Calculate the remainder when 1035 is divided by 103.
5
What is the remainder when 672 is divided by 60?
12
What is the remainder when 655 is divided by 82?
81
Calculate the remainder when 7915 is divided by 29.
27
Calculate the remainder when 235 is divided by 61.
52
What is the remainder when 234 is divided by 47?
46
What is the remainder when 460 is divided by 151?
7
What is the remainder when 461 is divided by 16?
13
Calculate the remainder when 285 is divided by 41.
39
Calculate the remainder when 398 is divided by 67.
63
What is the remainder when 588 is divided by 287?
14
What is the remainder when 601 is divided by 55?
51
What is the remainder when 51 is divided by 27?
24
Calculate the remainder when 218 is divided by 76.
66
What is the remainder when 3051 is divided by 71?
69
Calculate the remainder when 715 is divided by 72.
67
Calculate the remainder when 147 is divided by 29.
2
Calculate the remainder when 21 is divided by 1.
0
What is the remainder when 543 is divided by 114?
87
What is the remainder when 355 is divided by 52?
43
What is the remainder when 510 is divided by 74?
66
Calculate the remainder when 386 is divided by 90.
26
What is the remainder when 1538 is divided by 81?
80
What is the remainder when 589 is divided by 158?
115
Calculate the remainder when 1801 is divided by 42.
37
Calculate the remainder when 182 is divided by 84.
14
Calculate the remainder when 357 is divided by 245.
112
Calculate the remainder when 314 is divided by 35.
34
What is the remainder when 679 is divided by 11?
8
Calculate the remainder when 27 is divided by 19.
8
Calculate the remainder when 3385 is divided by 40.
25
What is the remainder when 134 is divided by 115?
19
Calculate the remainder when 1342 is divided by 54.
46
What is the remainder when 159 is divided by 37?
11
What is the remainder when 1084 is divided by 5?
4
What is the remainder when 1569 is divided by 10?
9
What is the remainder when 84 is divided by 74?
10
Calculate the remainder when 4236 is divided by 2.
0
What is the remainder when 6495 is divided by 20?
15
Calculate the remainder when 383 is divided by 38.
3
What is the remainder when 2027 is divided by 69?
26
What is the remainder when 78 is divided by 16?
14
What is the remainder when 237 is divided by 61?
54
Calculate the remainder when 1382 is divided by 202.
170
Calculate the remainder when 618 is divided by 206.
0
What is the remainder when 474 is divided by 122?
108
What is the remainder when 1191 is divided by 220?
91
What is the remainder when 222 is divided by 63?
33
Calculate the remainder when 82 is divided by 37.
8
Calculate the remainder when 581 is divided by 57.
11
What is the remainder when 261 is divided by 6?
3
Calculate the remainder when 5206 is divided by 1039.
11
What is the remainder when 435 is divided by 383?
52
What is the remainder when 69 is divided by 36?
33
What is the remainder when 1002 is divi